ose -k*d = 5*i - 50, 2*i = 3*d + 4*i - 56. What is the greatest common factor of d and 15?
5
Let c(d) = -d + 50 - 54 - 7*d. Let w be c(-4). Calculate the highest common factor of 4 and w.
4
Let o = -685 + 781. What is the highest common divisor of 108 and o?
12
Let u = -606 + 1041. Calculate the greatest common factor of 87 and u.
87
Suppose -5*o - 3*h + 36 = 0, 2*h - 4 = -o + 3*h. Let j be (-8)/o*1155/(-14). What is the highest common factor of j and 10?
10
Suppose 67 + 73 = 3*o + 2*l, 2*l + 4 = 0. Calculate the greatest common factor of o and 3.
3
Let m = -1318 - -1355. What is the greatest common divisor of m and 3515?
37
Suppose -2*u = 4, 5*u = -y + 4*y - 766. Calculate the greatest common factor of 72 and y.
36
Let h be 21/((-315)/(-60))*5. Suppose t - 3 = -1. Suppose d + 17 = 2*w, t = 2*w - 5*d - 3. Calculate the greatest common divisor of h and w.
10
Let b be (-12)/15*(-15)/6. Suppose -2*s = r - 3 - 34, -b*r - 5*s + 73 = 0. Suppose -5*m + 36 = -29. What is the highest common factor of r and m?
13
Let c = 23073 + -23057. Let n(f) = -f**2 - 5*f - 4. Let b be n(-3). What is the highest common factor of c and b?
2
Suppose -28 = -4*c - 4*o, 1 = 2*c - 3*o + 2. Calculate the greatest common factor of 556 and c.
4
Let w(j) = -2*j - 8. Let n be w(-6). Suppose 0 = -3*h - n*h + 42. Calculate the highest common factor of h and 18.
6
Let o be (-704)/(-40) - 4/(-10). Let f = o + -8. What is the highest common divisor of f and 30?
10
Let g = -17 + 21. Suppose 6*d + 360 = d. Let q = 108 + d. What is the greatest common factor of q and g?
4
Suppose 4*i = 4*h - 17 - 63, -3*h + 58 = -5*i. Let t be 0/(-2*1/(-1)). Let x = h + t. Calculate the highest common factor of x and 168.
21
Let n be (1 + (-7)/3)/((-28)/2646). Calculate the highest common divisor of n and 14.
14
Let f = 653 + -636. Suppose -2*x = -7*x + 170. Calculate the greatest common factor of x and f.
17
Let o(t) = t. Let n be o(6). Let x be (-280)/30*n/(-4). Let b(a) = a + 1. Let y be b(x). Calculate the highest common factor of y and 5.
5
Suppose -3*w + 3*y + 69 = 0, 4*w - 2*y - 35 - 47 = 0. Calculate the greatest common factor of w and 6.
6
Let k(r) = r**3 - 4*r**2 + 27*r - 126. Let t be k(6). What is the greatest common divisor of 180 and t?
36
Let n = -29 - -32. Suppose -y + 77 = -n*a + 27, 3*y - 5*a - 166 = 0. Suppose y = 6*l - 118. Calculate the greatest common factor of l and 20.
10
Let q = -4 - -6. Suppose p + 4*s = q*s + 31, 2*p + s - 53 = 0. Suppose -2*m - 3*m = -375. Calculate the greatest common factor of p and m.
25
Let v(c) = -c + 18*c + 5*c - 10 - 10. Let l be v(10). Suppose f - 5*f = -100. Calculate the greatest common factor of f and l.
25
Suppose 2*x + 2*x - 17 = 3*a, -4*a - 10 = x. Calculate the greatest common factor of 2 and x.
2
Suppose 0 = -2*t + l - 4 - 68, 2*t + 3*l = -88. Let b = 67 - t. What is the highest common divisor of b and 15?
15
Let x = 49 + -14. Suppose 10*t + 3 = 7*t. Let z(v) = -14*v. Let u be z(t). Calculate the highest common divisor of u and x.
7
Let m = 18 - 16. Let n be m + -4 - (-8)/1. Suppose u = l - n, -l + 18 = -u + 3*u. Calculate the greatest common divisor of 80 and l.
10
Suppose 90 = -4*c - 5*d, -76 = c + 3*c - 2*d. Let m be ((-888)/c)/2 + 6/(-30). Calculate the greatest common factor of m and 110.
22
Suppose 3*c - 19 - 185 = 0. Suppose 0*m - 18 = 2*m. Let j = c - m. What is the greatest common divisor of 7 and j?
7
Let g be 1275/12 + -3 - 18/(-24). Suppose g = -2*h + 456. Calculate the greatest common divisor of h and 22.
22
Let m = -54 + 54. Suppose -4*d + 5*f = -m*f - 68, -f = 0. Suppose -3*a = -263 - 298. Calculate the greatest common factor of a and d.
17
Suppose -4*z = -4*n - 915 + 8399, -z - 3743 = -2*n. What is the highest common divisor of n and 117?
117
Let k(d) be the third derivative of -d**4/24 - 5*d**3/3 + 10*d**2. Let s be k(-12). What is the highest common divisor of s and 20?
2
Let s be (2*-1)/(3 - 1) - -1. Let l(k) = -k**3 + 3*k**2 + 2*k + 9. Let c be l(s). What is the highest common factor of c and 63?
9
Let s(c) = -c**2 - 16*c - 13. Let p(g) = 5*g**2 + 81*g + 64. Let h(b) = 2*p(b) + 11*s(b). Let t be h(-5). What is the greatest common factor of t and 40?
10
Let b = 475 + -457. What is the greatest common divisor of 900 and b?
18
Suppose 0 = -3*h - 3*w + 48, 2*h + 0*h = -5*w + 32. Calculate the greatest common factor of 368 and h.
16
Suppose -2*j - r - 49 = -4*j, 28 = j + 3*r. Suppose -46 + 10 = 4*u. Let t be (u - 1)/(1 - 3). Calculate the highest common divisor of j and t.
5
Suppose 3*g + 74 = 248. Calculate the highest common factor of g and 725.
29
Let z be 6*((-12)/18 + (-75)/(-18)). Calculate the highest common divisor of 14 and z.
7
Let d be ((-54)/21)/((-17)/14 + 1). Let o(n) = 9*n - 3. Let i be o(-4). Let m = 63 + i. Calculate the greatest common divisor of m and d.
12
Let p be (-22)/(-5)*(-5)/(-1). Suppose 3*c = -4*w + 226, -w = 2*c - 28 - 26. Let g = w - 47. Calculate the highest common divisor of g and p.
11
Let j(v) = -v**3 - 4*v**2 - 5*v - 6. Let o be j(-7). Let k(q) = 3*q**2 - 4*q + 1. Let d be k(3). What is the highest common divisor of d and o?
16
Suppose -3*j - 2*j + 10 = 0. Suppose f - j*f = -22. Calculate the greatest common divisor of 33 and f.
11
Let j be -3*((-222)/(-18) + -4). Let m = 280 + j. What is the highest common factor of 102 and m?
51
Let i(g) = 3*g**2 - 85*g - 45. Let q be i(29). What is the greatest common divisor of 728 and q?
13
Let u = -6 + 11. Suppose 0*q - 2*q + 13 = -u*v, 1 = -v. Suppose 4*i + 2*z - 30 = 0, 36 = 3*i + 2*i + q*z. Calculate the highest common factor of 56 and i.
8
Let x be 351/15 - 4/10. Let n be (-44)/(-110) - (-97)/(-5). Let i = x + n. Calculate the highest common factor of i and 20.
4
Suppose -3*h + h = w - 15, h = 4*w - 51. Suppose 0 = -2*n + w - 1. Let i be n/4 - (-148)/8. Calculate the greatest common divisor of i and 50.
10
Suppose -489*f = -494*f + 390. Calculate the greatest common divisor of 286 and f.
26
Suppose 0 = -5*u - 9 - 6, -4*c + 306 = 2*u. What is the highest common factor of 754 and c?
26
Let c = 26 + -30. Let w be c/(-6) - (-52)/12. What is the greatest common factor of w and 35?
5
Let q(v) = v - 126*v**2 + 18 - 10*v + 259*v**2 - 131*v**2. Let z be q(6). Calculate the greatest common divisor of 54 and z.
18
Let r(c) = c**2 + 13*c - 136. Let o be r(7). Calculate the highest common factor of 196 and o.
4
Let n be (3 + -1)/(2/8). Let o be 297/13 - 18/(-117). Suppose f - 5*f + 76 = 4*s, 5*s = -2*f + o. Calculate the highest common divisor of n and f.
8
Let s be -1*4*(-4)/(-8). Let p be (-413)/(-14) - s/4. What is the highest common factor of p and 75?
15
Suppose 266 = -2*u + 4*u. Let m = 491 - u. Let h = m - 248. Calculate the highest common divisor of 10 and h.
10
Let d(a) = -6*a - 138. Let t be d(-26). Calculate the greatest common divisor of 14 and t.
2
Let j(u) = -2*u**2 - 1037 - u**2 + 2*u - 2*u**3 + 1045. Let v be j(-4). What is the greatest common factor of v and 16?
16
Let t be (22/(-4))/(-1)*14. Let z be (2/(-5))/(1/30). Let d be 64/6 - 4/z. Calculate the highest common factor of d and t.
11
Let m(t) = 16*t**2 - 11*t + 6. Let s be m(5). What is the greatest common factor of 27 and s?
27
Let k be 32/10*((-121)/(-22) - -7). What is the greatest common factor of 70 and k?
10
Let c(j) = j**2 - 8*j - 5. Let r be c(10). Suppose r*h + 102 = 18*h. What is the greatest common divisor of h and 374?
34
Let c(p) = p**3 - 44*p**2 + 6*p + 51. Let i be c(44). Calculate the highest common factor of 90 and i.
45
Suppose 0 = -112*l - 21*l + 1862. Calculate the greatest common factor of l and 142.
2
Let x = 33 + -28. Suppose x*p + 28 = 83. Let h = 150 + -51. What is the greatest common factor of p and h?
11
Let d(f) = -f + 10. Let r be d(8). Let a = -173 - -221. Suppose a = r*c - 128. What is the greatest common divisor of c and 11?
11
Let a be (2 - (-20)/15)*(-36)/(-10). What is the highest common divisor of 96 and a?
12
Let l be 21*(2 - 1)*63. What is the highest common factor of 49 and l?
49
Suppose -8*v + 3*v + 20 = 0. Let p(w) = -w - 15. Let i be 897/(-46) - (3/2 - 2). Let r be p(i). Calculate the highest common divisor of v and r.
4
Suppose -r - r - 16 = 0. Let h be (56/16)/((-2)/r). What is the highest common divisor of h and 7?
7
Let z(c) = -3*c - 11. Le